{"id":46,"date":"2012-12-16T02:53:40","date_gmt":"2012-12-16T02:53:40","guid":{"rendered":"http:\/\/accountingimpots.local\/?page_id=46"},"modified":"2022-09-29T21:23:32","modified_gmt":"2022-09-29T21:23:32","slug":"martin-qualifications","status":"publish","type":"page","link":"https:\/\/www.accountingimpots.ca\/fr\/martin-qualifications\/","title":{"rendered":"Qualifications &#8211; Martin Paradis, CPA, CMA"},"content":{"rendered":"<h3><span class=\"blue_underline\">Formation professionnelle comptable:<\/span><\/h3>\n<p>Comptable professionnel agr\u00e9\u00e9, Comptable en management accr\u00e9dit\u00e9<br \/>\nUniversit\u00e9 Concordia\u2013 Baccalaur\u00e9at en Commerce (Majeure en comptabilit\u00e9)<br \/>\nColl\u00e8ge Vanier \u2013 Dipl\u00f4me de Commerce<\/p>\n<h3><span class=\"blue_underline\">Exp\u00e9rience de gestion et de comptabilit\u00e9: <\/span><\/h3>\n<p>&#8211; 20+ ann\u00e9es de pratique priv\u00e9e (mise en place de syst\u00e8mes logiciels, consultant et pr\u00e9paration des d\u00e9clarations fiscales d&rsquo;imp\u00f4t)<br \/>\n&#8211; 2 ans d\u2019exp\u00e9rience comme directeur des finances (GRH\/TI)<br \/>\n&#8211; 1.5 ans en tant que comptable senior chez SCO Service de Sant\u00e9<br \/>\n&#8211; 5 ans comme Contr\u00f4leur et Gestionnaire des profits d\u2019h\u00f4tels et organismes \u00e0 but non lucratif &#8211; 1.5 ans d\u2019exp\u00e9rience en analyse financi\u00e8re et en r\u00e9vision d\u2019organismes \u00e0 but non lucratif pour le gouvernement<\/p>\n<h3><span class=\"blue_underline\">Exp\u00e9rience avec les audits organisationnels et les rapports gouvernementaux:<\/span><\/h3>\n<p>Une exp\u00e9rience exhaustive de cr\u00e9ation de rapports pour les comit\u00e9s de r\u00e9vision du gouvernement \u2013 Programme de Subventions et de Contributions. Responsable de la pr\u00e9paration des documents de v\u00e9rification en tant que contr\u00f4leur pour les h\u00f4tels Charlton, comme comptable \u00e0 l\u2019h\u00f4tel Westin et comme comptable pour la r\u00e9sidence pour personnes retrait\u00e9es R\u00e9sidence Saint Louis.<\/p>\n<h3><span class=\"blue_underline\">Connaissance et mise en place de syst\u00e8mes financiers informatis\u00e9s: <\/span><\/h3>\n<p>ACCPAC (exp\u00e9riment\u00e9). Simple Comptable (exp\u00e9riment\u00e9)\/QuickBooks (interm\u00e9diaire). ACCESS (niveau d\u00e9butant). ADACO. Comp\u00e9tence reconnue en feuilles de calcul (Excel, Lotus &amp; QuatroPro). Bonne connaissance et exp\u00e9rience avec beaucoup d\u2019autres syst\u00e8mes de logiciels financiers pour une conversion ou un d\u00e9marrage.<\/p>\n<h3><span class=\"blue_underline\">Comp\u00e9tences interpersonnelles: <\/span><\/h3>\n<p>Dans n\u2019importe quel poste et en tant que membre de n\u2019importe quelle \u00e9quipe, ses habilet\u00e9s sont de la plus haute importance. Je me suis toujours efforc\u00e9 de les appliquer au meilleur de mes comp\u00e9tences, que ce soit en contribuant aux activit\u00e9s de la compagnie avec Compaq, l\u2019h\u00f4tel Westin et mes coll\u00e8gues au service de sant\u00e9 SCO. J\u2019en ai aussi profit\u00e9 pour \u00e9tablir des activit\u00e9s sociales aux h\u00f4tels Charlton afin de cr\u00e9er un meilleur environnement de travail et une meilleure \u00e9quipe.<\/p>\n<h3><span class=\"blue_underline\">Supervision:<\/span><\/h3>\n<p>J\u2019ai \u00e9t\u00e9 responsable de coordonner la mise en place du syst\u00e8me ADACO, qui impliquait environ 60 employ\u00e9s. J\u2019ai \u00e9galement \u00e9t\u00e9 responsable de deux employ\u00e9s comptables durant la p\u00e9riode o\u00f9 j\u2019exer\u00e7ais en tant que contr\u00f4leur pour les h\u00f4tels Charlton. J\u2019ai supervis\u00e9 cinq personnes en TI et deux comptables en tant que gestionnaire des finances de l\u2019Association Canadienne des Entra\u00eeneurs (ACE).<\/p>\n<h3><span class=\"blue_underline\">D\u00e9veloppement des politiques et des proc\u00e9dures: <\/span><\/h3>\n<p>J\u2019ai \u00e9t\u00e9 impliqu\u00e9 intensivement dans le d\u00e9veloppement des politiques op\u00e9rationnelles internes et financi\u00e8res pour les h\u00f4tels Charlton. J\u2019\u00e9tais Chef de Projet et totalement responsable du d\u00e9veloppement des proc\u00e9dures et des politiques pour le syst\u00e8me d\u2019achats et d\u2019inventaires avec ADACO. En tant qu\u2019entreprise en d\u00e9marrage, j\u2019ai d\u00fb d\u00e9velopper toutes les fonctions de finance et de comptabilit\u00e9 \u00e0 SSF. J\u2019ai aussi compl\u00e8tement r\u00e9organis\u00e9 et modernis\u00e9 la finance, la comptabilit\u00e9, les domaines de la GRH &amp; TI de l\u2019ACE.<\/p>\n<h3><span class=\"blue_underline\">La capacit\u00e9 d\u2019\u00eatre flexible, de prioriser, d\u2019organiser et les comp\u00e9tences pour r\u00e9soudre les probl\u00e8mes : <\/span><\/h3>\n<p>J\u2019ai d\u00e9velopp\u00e9 ces comp\u00e9tences en travaillant dans des environnements de travail tr\u00e8s charg\u00e9s, que ce soit avec le public ou avec une charge de travail tr\u00e8s importante et des dates limites \u00e0 respecter.<\/p>\n<h3><span class=\"blue_underline\">Environnement d\u2019\u00e9quipe :<\/span><\/h3>\n<p>J\u2019ai acquis une exp\u00e9rience valorisante de travail d\u2019\u00e9quipe lorsque je faisais parti de l\u2019\u00e9quipe de r\u00e9implantation de Compaq. C\u2019\u00e9tait un projet d\u2019envergure et un des plus int\u00e9ressants. J\u2019ai aussi \u00e9t\u00e9 membre de d\u2019autres \u00e9quipes dont l\u2019ACDI et Patrimoine canadien.<\/p>\n<h3><span class=\"blue_underline\">Comp\u00e9tences en bilinguisme et en communication: <\/span><\/h3>\n<p>Je communique tr\u00e8s bien dans les deux langues officielles, oralement et par \u00e9crit. J\u2019ai aussi un bon jugement qui est bas\u00e9 sur le bon sens.<\/p>\n<h3><span class=\"blue_underline\">Logiciel informatique: <\/span><\/h3>\n<p>Windows 10, 7, XP, Internet, MS Office 2016 (Word, Excel, Outlook, Publisher), Corel (WordPerfect 10, Quattro Pro), Lotus (1-2-3, Notes, WordPro), ACCPAC Serie Avantage-Corporatif 5.2A, Sage 50 (Simply Accounting), QuickBooks, Symmetry tm 1997, Profile &#8211; D\u00e9claration d&rsquo;imp\u00f4t professionelle, ADACO v 8.2, SAP 4.0B, FAS Asset, GEAC 6.2, Adagio FX Pro, SFMC 4.2<\/p>\n<p style=\"text-align: center;\"><img decoding=\"async\" title=\"\" src=\"\/wp-content\/uploads\/2014\/10\/q-rotator.gif\" alt=\"\" \/><\/p>\n<div style=\"padding-bottom:20px; padding-top:10px;\" class=\"hupso-share-buttons\"><!-- Hupso Share Buttons - http:\/\/www.hupso.com\/share\/ --><a class=\"hupso_toolbar\" href=\"http:\/\/www.hupso.com\/share\/\"><img decoding=\"async\" src=\"https:\/\/static.hupso.com\/share\/buttons\/lang\/fr\/share-medium.png\" style=\"border:0px; padding-top:5px; float:left;\" alt=\"Share Button\"\/><\/a><script type=\"text\/javascript\">var hupso_services_t=new Array(\"Twitter\",\"Facebook\",\"Google Plus\",\"Linkedin\");var hupso_background_t=\"#EAF4FF\";var hupso_border_t=\"#66CCFF\";var hupso_toolbar_size_t=\"medium\";var hupso_twitter_via = \"AccImpots\";var hupso_image_folder_url = \"\";var hupso_twitter_via=\"AccImpots\";var hupso_url_t=\"\";var hupso_title_t=\"Qualifications - Martin Paradis, CPA, CMA\";<\/script><script type=\"text\/javascript\" src=\"https:\/\/static.hupso.com\/share\/js\/share_toolbar.js\"><\/script><!-- Hupso Share Buttons --><\/div>","protected":false},"excerpt":{"rendered":"<p>Qualifications professionelles &#8211; Service comptable professionnel de d\u00e9claration d&rsquo;imp\u00f4t et comptabilit\u00e9 pour particuliers et entreprises \u2013Ottawa <\/p>\n","protected":false},"author":1,"featured_media":0,"parent":0,"menu_order":0,"comment_status":"open","ping_status":"closed","template":"","meta":{"_aioseo_title":"AccountingImp\u00f4ts -vService comptable professionnel CPA ","_aioseo_description":"Qualifications professionelles - Service comptable professionnel de d\u00e9claration d'imp\u00f4t et comptabilit\u00e9 pour particuliers et entreprises \u2013Ottawa ","footnotes":""},"class_list":["post-46","page","type-page","status-publish"],"_links":{"self":[{"href":"https:\/\/www.accountingimpots.ca\/fr\/wp-json\/wp\/v2\/pages\/46","targetHints":{"allow":["GET"]}}],"collection":[{"href":"https:\/\/www.accountingimpots.ca\/fr\/wp-json\/wp\/v2\/pages"}],"about":[{"href":"https:\/\/www.accountingimpots.ca\/fr\/wp-json\/wp\/v2\/types\/page"}],"author":[{"embeddable":true,"href":"https:\/\/www.accountingimpots.ca\/fr\/wp-json\/wp\/v2\/users\/1"}],"replies":[{"embeddable":true,"href":"https:\/\/www.accountingimpots.ca\/fr\/wp-json\/wp\/v2\/comments?post=46"}],"version-history":[{"count":12,"href":"https:\/\/www.accountingimpots.ca\/fr\/wp-json\/wp\/v2\/pages\/46\/revisions"}],"predecessor-version":[{"id":2055,"href":"https:\/\/www.accountingimpots.ca\/fr\/wp-json\/wp\/v2\/pages\/46\/revisions\/2055"}],"wp:attachment":[{"href":"https:\/\/www.accountingimpots.ca\/fr\/wp-json\/wp\/v2\/media?parent=46"}],"curies":[{"name":"wp","href":"https:\/\/api.w.org\/{rel}","templated":true}]}}

<h3><span class="blue_underline">Formation professionnelle comptable:</span></h3>
<p>Comptable professionnel agréé, Comptable en management accrédité<br />
Université Concordia– Baccalauréat en Commerce (Majeure en comptabilité)<br />
Collège Vanier – Diplôme de Commerce</p>
<h3><span class="blue_underline">Expérience de gestion et de comptabilité: </span></h3>
<p>&#8211; 20+ années de pratique privée (mise en place de systèmes logiciels, consultant et préparation des déclarations fiscales d&rsquo;impôt)<br />
&#8211; 2 ans d’expérience comme directeur des finances (GRH/TI)<br />
&#8211; 1.5 ans en tant que comptable senior chez SCO Service de Santé<br />
&#8211; 5 ans comme Contrôleur et Gestionnaire des profits d’hôtels et organismes à but non lucratif &#8211; 1.5 ans d’expérience en analyse financière et en révision d’organismes à but non lucratif pour le gouvernement</p>
<h3><span class="blue_underline">Expérience avec les audits organisationnels et les rapports gouvernementaux:</span></h3>
<p>Une expérience exhaustive de création de rapports pour les comités de révision du gouvernement – Programme de Subventions et de Contributions. Responsable de la préparation des documents de vérification en tant que contrôleur pour les hôtels Charlton, comme comptable à l’hôtel Westin et comme comptable pour la résidence pour personnes retraitées Résidence Saint Louis.</p>
<h3><span class="blue_underline">Connaissance et mise en place de systèmes financiers informatisés: </span></h3>
<p>ACCPAC (expérimenté). Simple Comptable (expérimenté)/QuickBooks (intermédiaire). ACCESS (niveau débutant). ADACO. Compétence reconnue en feuilles de calcul (Excel, Lotus &amp; QuatroPro). Bonne connaissance et expérience avec beaucoup d’autres systèmes de logiciels financiers pour une conversion ou un démarrage.</p>
<h3><span class="blue_underline">Compétences interpersonnelles: </span></h3>
<p>Dans n’importe quel poste et en tant que membre de n’importe quelle équipe, ses habiletés sont de la plus haute importance. Je me suis toujours efforcé de les appliquer au meilleur de mes compétences, que ce soit en contribuant aux activités de la compagnie avec Compaq, l’hôtel Westin et mes collègues au service de santé SCO. J’en ai aussi profité pour établir des activités sociales aux hôtels Charlton afin de créer un meilleur environnement de travail et une meilleure équipe.</p>
<h3><span class="blue_underline">Supervision:</span></h3>
<p>J’ai été responsable de coordonner la mise en place du système ADACO, qui impliquait environ 60 employés. J’ai également été responsable de deux employés comptables durant la période où j’exerçais en tant que contrôleur pour les hôtels Charlton. J’ai supervisé cinq personnes en TI et deux comptables en tant que gestionnaire des finances de l’Association Canadienne des Entraîneurs (ACE).</p>
<h3><span class="blue_underline">Développement des politiques et des procédures: </span></h3>
<p>J’ai été impliqué intensivement dans le développement des politiques opérationnelles internes et financières pour les hôtels Charlton. J’étais Chef de Projet et totalement responsable du développement des procédures et des politiques pour le système d’achats et d’inventaires avec ADACO. En tant qu’entreprise en démarrage, j’ai dû développer toutes les fonctions de finance et de comptabilité à SSF. J’ai aussi complètement réorganisé et modernisé la finance, la comptabilité, les domaines de la GRH &amp; TI de l’ACE.</p>
<h3><span class="blue_underline">La capacité d’être flexible, de prioriser, d’organiser et les compétences pour résoudre les problèmes : </span></h3>
<p>J’ai développé ces compétences en travaillant dans des environnements de travail très chargés, que ce soit avec le public ou avec une charge de travail très importante et des dates limites à respecter.</p>
<h3><span class="blue_underline">Environnement d’équipe :</span></h3>
<p>J’ai acquis une expérience valorisante de travail d’équipe lorsque je faisais parti de l’équipe de réimplantation de Compaq. C’était un projet d’envergure et un des plus intéressants. J’ai aussi été membre de d’autres équipes dont l’ACDI et Patrimoine canadien.</p>
<h3><span class="blue_underline">Compétences en bilinguisme et en communication: </span></h3>
<p>Je communique très bien dans les deux langues officielles, oralement et par écrit. J’ai aussi un bon jugement qui est basé sur le bon sens.</p>
<h3><span class="blue_underline">Logiciel informatique: </span></h3>
<p>Windows 10, 7, XP, Internet, MS Office 2016 (Word, Excel, Outlook, Publisher), Corel (WordPerfect 10, Quattro Pro), Lotus (1-2-3, Notes, WordPro), ACCPAC Serie Avantage-Corporatif 5.2A, Sage 50 (Simply Accounting), QuickBooks, Symmetry tm 1997, Profile &#8211; Déclaration d&rsquo;impôt professionelle, ADACO v 8.2, SAP 4.0B, FAS Asset, GEAC 6.2, Adagio FX Pro, SFMC 4.2</p>
<p style="text-align: center;"><img decoding="async" title="" src="/wp-content/uploads/2014/10/q-rotator.gif" alt="" /></p>
<div style="padding-bottom:20px; padding-top:10px;" class="hupso-share-buttons"><!-- Hupso Share Buttons - http://www.hupso.com/share/ --><a class="hupso_toolbar" href="http://www.hupso.com/share/"><img decoding="async" src="https://static.hupso.com/share/buttons/lang/fr/share-medium.png" style="border:0px; padding-top:5px; float:left;" alt="Share Button"/></a><script type="text/javascript">var hupso_services_t=new Array("Twitter","Facebook","Google Plus","Linkedin");var hupso_background_t="#EAF4FF";var hupso_border_t="#66CCFF";var hupso_toolbar_size_t="medium";var hupso_twitter_via = "AccImpots";var hupso_image_folder_url = "";var hupso_twitter_via="AccImpots";var hupso_url_t="";var hupso_title_t="Qualifications - Martin Paradis, CPA, CMA";</script><script type="text/javascript" src="https://static.hupso.com/share/js/share_toolbar.js"></script><!-- Hupso Share Buttons --></div>

<p>Qualifications professionelles &#8211; Service comptable professionnel de déclaration d&rsquo;impôt et comptabilité pour particuliers et entreprises –Ottawa </p>

AccountingImpôts -vService comptable professionnel CPA

Qualifications professionelles - Service comptable professionnel de déclaration d'impôt et comptabilité pour particuliers et entreprises –Ottawa
